at is the hundreds digit of 4749?
7
What is the hundreds digit of 1684?
6
What is the tens digit of 12405?
0
What is the ten thousands digit of 22540?
2
What is the tens digit of 90069?
6
What is the units digit of 816?
6
What is the tens digit of 66037?
3
What is the tens digit of 13824?
2
What is the hundreds digit of 2273?
2
What is the ten thousands digit of 82962?
8
What is the ten thousands digit of 18867?
1
What is the tens digit of 15241?
4
What is the units digit of 4004?
4
What is the thousands digit of 24213?
4
What is the hundreds digit of 12157?
1
What is the ten thousands digit of 73006?
7
What is the hundreds digit of 945?
9
What is the thousands digit of 26775?
6
What is the units digit of 29023?
3
What is the units digit of 29047?
7
What is the thousands digit of 2219?
2
What is the hundreds digit of 4502?
5
What is the hundreds digit of 1523?
5
What is the tens digit of 15926?
2
What is the hundreds digit of 534?
5
What is the hundreds digit of 13323?
3
What is the ten thousands digit of 11598?
1
What is the hundreds digit of 450?
4
What is the units digit of 7854?
4
What is the tens digit of 140?
4
What is the units digit of 1128?
8
What is the hundreds digit of 367?
3
What is the thousands digit of 1125?
1
What is the tens digit of 449?
4
What is the thousands digit of 25279?
5
What is the units digit of 9607?
7
What is the tens digit of 47798?
9
What is the tens digit of 3791?
9
What is the hundred thousands digit of 119282?
1
What is the units digit of 101473?
3
What is the hundred thousands digit of 100579?
1
What is the hundreds digit of 15461?
4
What is the units digit of 421?
1
What is the hundreds digit of 3111?
1
What is the units digit of 38812?
2
What is the tens digit of 1675?
7
What is the ten thousands digit of 20747?
2
What is the hundreds digit of 40081?
0
What is the thousands digit of 15419?
5
What is the tens digit of 2398?
9
What is the units digit of 7479?
9
What is the units digit of 608?
8
What is the thousands digit of 50178?
0
What is the tens digit of 10079?
7
What is the tens digit of 5062?
6
What is the thousands digit of 9264?
9
What is the thousands digit of 3347?
3
What is the units digit of 6808?
8
What is the units digit of 406?
6
What is the thousands digit of 7986?
7
What is the ten thousands digit of 16878?
1
What is the tens digit of 366?
6
What is the units digit of 11504?
4
What is the hundreds digit of 3215?
2
What is the hundreds digit of 4115?
1
What is the units digit of 105?
5
What is the units digit of 842?
2
What is the thousands digit of 5764?
5
What is the hundreds digit of 571?
5
What is the hundreds digit of 7367?
3
What is the hundreds digit of 11024?
0
What is the ten thousands digit of 17132?
1
What is the thousands digit of 1363?
1
What is the tens digit of 5020?
2
What is the tens digit of 38096?
9
What is the units digit of 767?
7
What is the units digit of 562?
2
What is the tens digit of 245?
4
What is the units digit of 383?
3
What is the tens digit of 110768?
6
What is the hundreds digit of 53074?
0
What is the hundreds digit of 53973?
9
What is the tens digit of 588?
8
What is the units digit of 49869?
9
What is the units digit of 8232?
2
What is the thousands digit of 2211?
2
What is the tens digit of 950?
5
What is the thousands digit of 2892?
2
What is the thousands digit of 4405?
4
What is the hundreds digit of 5435?
4
What is the thousands digit of 7930?
7
What is the hundreds digit of 1784?
7
What is the tens digit of 3088?
8
What is the tens digit of 95450?
5
What is the hundreds digit of 2751?
7
What is the tens digit of 14750?
5
What is the units digit of 1002?
2
What is the units digit of 912?
2
What is the hundreds digit of 770?
7
What is the units digit of 26?
6
What is the thousands digit of 17718?
7
What is the ten thousands digit of 22435?
2
What is the hundreds digit of 10932?
9
What is the units digit of 11728?
8
What is the units digit of 6485?
5
What is the ten thousands digit of 150536?
5
What is the thousands digit of 29142?
9
What is the ten thousands digit of 28642?
2
What is the units digit of 3731?
1
What is the thousands digit of 9706?
9
What is the thousands digit of 47299?
7
What is the tens digit of 2153?
5
What is the thousands digit of 3133?
3
What is the tens digit of 16246?
4
What is the ten thousands digit of 11275?
1
What is the units digit of 23220?
0
What is the tens digit of 25226?
2
What is the hundreds digit of 318?
3
What is the tens digit of 13071?
7
What is the tens digit of 124795?
9
What is the thousands digit of 2484?
2
What is the tens digit of 62217?
1
What is the units digit of 141402?
2
What is the tens digit of 26774?
7
What is the tens digit of 3035?
3
What is the units digit of 3663?
3
What is the tens digit of 1191?
9
What is the units digit of 575?
5
What is the tens digit of 2108?
0
What is the hundreds digit of 3586?
5
What is the thousands digit of 12155?
2
What is the tens digit of 901?
0
What is the tens digit of 118418?
1
What is the units digit of 5834?
4
What is the thousands digit of 4374?
4
What is the units digit of 25036?
6
What is the units digit of 1033?
3
What is the hundreds digit of 2570?
5
What is the tens digit of 1120?
2
What is the tens digit of 3953?
5
What is the units digit of 676?
6
What is the tens digit of 244?
4
What is the hundreds digit of 3994?
9
What is the units digit of 13637?
7
What is the units digit of 26160?
0
What is the units digit of 578?
8
What is the tens digit of 2073?
7
What is the units digit of 41834?
4
What is the hundreds digit of 13922?
9
What is the thousands digit of 62199?
2
What is the hundreds digit of 2098?
0
What is the hundreds digit of 16762?
7
What is the hundreds digit of 4347?
3
What is the units digit of 9689?
9
What is the tens digit of 110124?
2
What is the hundreds digit of 5600?
6
What is the thousands digit of 133666?
3
What is the hundreds digit of 5985?
9
What is the units digit of 8371?
1
What is the tens digit of 3145?
4
What is the thousands digit of 64932?
4
What is the tens digit of 392?
9
What is the units digit of 213?
3
What is the tens digit of 2303?
0
What is the tens digit of 6187?
8
What is the hundreds digit of 6470?
4
What is the hundreds digit of 4175?
1
What is the tens digit of 595?
9
What is the thousands digit of 2290?
2
What is the hundreds digit of 6294?
2
What is the hundreds digit of 1773?
7
What is the hundreds digit of 9584?
5
What is the tens digit of 2278?
7
What is the units digit of 4369?
9
What is the hundreds digit of 303?
3
What is the hundreds digit of 648?
6
What is the units digit of 6?
6
What is the units digit of 50123?
3
What is the units digit of 44057?
7
What is the hundreds digit of 1483?
4
What is the thousands digit of 25455?
5
What is the hundreds digit of 39366?
3
What is the units digit of 27?
7
What is the tens digit of 10329?
2
What is the units digit of 164?
4
What is the tens digit of 38079?
7
What is the tens digit of 3289?
8
What is the units digit of 10487?
7
What is the units digit of 4288?
8
What is the tens digit of 1370?
7
What is the hundreds digit of 5412?
4
What is the units digit of 32011?
1
What is the thousands digit of 1104?
1
What is the hundreds digit of 801?
8
What is the ten thousands digit of 18437?
1
What is the units digit of 193?
3
What is the units digit of 438?
8
What is the hundreds digit of 287?
2
What is the thousands digit of 2601?
2
What is the tens digit of 36?
3
What is the units digit of 694?
4
What is the tens digit of 2497?
9
What is the hundreds digit of 15897?
8
What is the hundreds digit of 605?
6
What is the units digit of 8629?
9
What is the units digit of 23483?
3
What is the hundreds digit of 225?
2
What is the hundreds digit of 15446?
4
What is the hundreds digit of 402?
4
What is the tens digit of 908?
0
What is the units digit of 38036?
6
What is the hundreds digit of 1522?
5
What is the thousands digit of 23150?
3
What is the hundreds digit of 429?
4
What is the hundreds digit of 32566?
5
What is the thousands digit of 2142?
2
What is the thousands digit of 2381?
2
What is the tens digit of 22518?
1
What is the ten thousands digit of 10235?
1
What is the units digit of 66847?
7
What is the units digit of 728?
8
What is the tens digit of 1916?
1